q be -42*8/b - -1. Let s(t) = -t - 1. Let f(c) = c + 10. Let v(i) = -f(i) - 3*s(i). Give v(q).
9
Let s(c) = 4*c - 1. Let q be 20/(-15)*(-6)/4 + 3. Suppose 4*n = -5*i + 37, -2*n = -q*n + 9. Give s(i).
19
Suppose 0 = 2*c - 6 - 2. Let d(o) = 28*o + 9. Let m(v) = 74*v + 23. Let g(p) = 8*d(p) - 3*m(p). Determine g(c).
11
Let o(z) = 14*z. Let c(j) = j**3 + 13*j**2 + j + 19. Suppose 0 = 5*l - 5*q + 75, -2*l + 3*q - 22 = 10. Let i be c(l). Suppose -5 = -k - i. Calculate o(k).
-14
Let u(x) = -x - 4. Let a be u(-6). Suppose -32 + a = -5*w. Let s(p) = -23*p**3 - 2*p**2 - 2 + 9*p**2 + 0*p**3 - 6*p + 22*p**3. Calculate s(w).
-2
Let c(l) = l**2 - 10*l - 24. Let o = 27069 + -27060. Calculate c(o).
-33
Let u(d) = 0*d**3 - d + d**3 + 4*d**2 - 5*d - 7. Let l = -283 - -288. Suppose -736*j + 737*j + l = 0. Give u(j).
-2
Let p(b) = b. Let v(t) = -6*t + 33. Let a be v(5). Suppose 0 = j + a*j + 8, n + j = 1. Give p(n).
3
Suppose -4*i = b - 384, 5*i = 6*b - 4*b - 833. Let a be -1*((-6)/51 - b/34). Let v(p) = 4*p + 3*p + 10 - 8*p. What is v(a)?
-2
Let t(o) = -8*o - 12. Let h be (-60)/10 + (-4)/2 + 0/2. Determine t(h).
52
Let f(z) = -2*z + 0*z + 6 + 3*z. Suppose -4*d + 4760 = -2*g, -2376 = -2*d - g + 3*g. Let c = d - 1200. Determine f(c).
-2
Let y(g) = -g**2 + 2*g + 1. Let b = 207 + -205. Suppose d + 2*d = -5*v - 3, 0 = -2*v + b*d - 14. Give y(v).
-14
Let o(m) = m**3 - 2*m**2 + m + 2. Suppose 5*a = -2*j + 326, 0 = -3*j - 3*a + 231 + 258. Suppose -171*p + j*p = -16. Give o(p).
4
Suppose -4*o - 5*c = -9*o + 4475, 2*o + 2*c = 1774. Let s(z) = -1778 + 888 + z + o. Calculate s(-6).
-5
Suppose 4925*y = 4911*y - 112. Let l(f) = f + f + 11 + f. Give l(y).
-13
Suppose 0*o = 4*o - 3*b - 5, 0 = -2*o + 4*b - 10. Suppose -o*s + 0*s = 5. Let i(q) = 5*q + 2*q + 2*q - q + 38 - 39. What is i(s)?
-9
Let u(h) = -h**2 + 2*h + 2. Let l be u(4). Let y be l/(-2)*4/3. Let t(d) be the first derivative of -d**2 + 5*d - 34280. Determine t(y).
-3
Let s(f) = -89*f + 1. Let g(a) = 22*a + 1. Let o(b) = -4*g(b) - s(b). Give o(-8).
-13
Let o = -2 - 13. Let a be o/(-5) - (-16)/2. Let r(z) = 3 + 45*z - 129*z + 38*z + 45*z + 6. What is r(a)?
-2
Let c be (-2 - 14 - -14) + (-5 - 3). Let p(u) = -8*u**2 - 84*u - 38. Determine p(c).
2
Let m(g) = -68*g - 68. Let j be m(-1). Let y(q) = -q**3 + q**2 + 2*q - 6. Calculate y(j).
-6
Suppose 7 = 2*l - 3*d, 21 = 3*l + d - 6. Suppose -18*j + 11*j + 21 = 0. Let x(q) = -7*q + 8 + q + j*q + 2*q. Give x(l).
0
Let d(w) = -269177 + 538308 + 22*w - 269164 + w**2. Calculate d(-12).
-153
Let n(t) = -15 - 5*t - 2 - 8. Suppose 0 = 104*z - 116*z - 15*z - 162. Determine n(z).
5
Let j(i) = -i**2 + 11*i + 13. Suppose 4*d = 3*x - 2009, 5*d + 2519 = -2*x - 2*x. Let z = d - -514. Give j(z).
13
Let k be (6/(-27) - 76/(-18)) + -3. Let l(o) = -2*o**2 - o + 2. Let p be l(k). Let m be 26/13 - (0 + p). Let v(z) = -z**3 + 2*z**2. Determine v(m).
-9
Let z = -81/25 + 237/50. Let l(w) be the first derivative of 2/3*w**3 + z*w**2 - 27 + 0*w. Give l(-3).
9
Let w(m) = -8*m**2 + 105*m - 19. Suppose 4*o = -2*g + 22, 5*g + 5*o - 120 = -60. Determine w(g).
-6
Let n(o) = 29*o - 105*o + 29*o - 4*o**2 + 29*o + 13*o. Give n(6).
-174
Let o(w) = -w**3 + 7*w**2 - 16*w + 26. Let b be o(5). Let v be 2 - 4/((-16)/b) - 1. Let y(h) = h + 12. What is y(v)?
12
Let l(j) be the first derivative of 19*j**2/2 - 41*j - 3642. What is l(6)?
73
Let m = -7 - 0. Let d(j) be the first derivative of 1/4*j**4 + 8/3*j**3 - 9*j - 49 + 7/2*j**2. What is d(m)?
-9
Let a(y) = -y + 5. Suppose w + w = -5*t - 38, 0 = 2*w + 8. Suppose 131*m - 70*m + 21 = 64*m. Let l be m + ((-6)/(t/(-3)) - 0). Give a(l).
1
Let o(w) = 3*w + 2. Suppose 5 = 4*m + i + 20, -5*m + 3*i - 6 = 0. Give o(m).
-7
Let t(x) = 4*x - 12*x + x**2 + 8*x + x - 8*x**3. Let k(u) = u + 14. Let p be k(-9). Suppose 2*s - 18 = -0*s - 5*v, -p*v = s - 19. What is t(s)?
8
Let p(h) be the first derivative of -3/2*h**2 - h - 1/4*h**4 + 4/3*h**3 + 142. Calculate p(3).
-1
Let m(p) = -p**3 - 2*p**2 - p - 2. Let z = 357 - 347. Suppose 0 = -74*s + 79*s + z. What is m(s)?
0
Let r(v) = 76 + 4*v**2 + 26*v + 180 - 26 - 73 - 3*v**2. Determine r(-15).
-8
Let z(j) = j**3 + 2*j**2 - 3*j. Let x be z(0). Let w(v) = 13 + x*v**2 - 69 - v**2 - 11*v + 13 + 21. Determine w(-9).
-4
Let s(h) = h**3 + h**2 + 1. Let t(l) = 5*l**3 + 7*l**2 - 3*l + 3. Let n(z) = 3*s(z) - t(z). Determine n(2).
-26
Let s = 1465 + -1468. Let q(m) = -4*m - 14. Calculate q(s).
-2
Let w(t) = -34*t + 37. Let x be (3/6)/(1/2)*(1355 + -1354). Determine w(x).
3
Let b(s) = 2*s. Suppose -x = -5*x - c - 45, 2*c + 13 = -x. What is b(x)?
-22
Let w(n) = -249 - 237 - 249 - 14*n + 741. Calculate w(2).
-22
Let w = 3 + 0. Let v(j) = 7*j + 0*j - w*j - j**2 - 1. Suppose 46*c = 34*c + 72. What is v(c)?
-13
Let j(g) = -3*g + 3. Suppose -4*d = -2*n - 4, 18 = 5*n + 5*d - d. Suppose z + z = -n, -z = h + 3. Calculate j(h).
9
Suppose 0 = 2*b - 6*b + 36. Let f be -2 - ((-8)/(-10))/(b/(-45)). Let q(x) be the third derivative of x**4/24 - x**3/6 + 4*x**2 + 2*x. What is q(f)?
1
Let w be ((-52)/(-78))/((-2)/(-6)). Suppose w*k = -k + 9, 5*k = -5*h + 115. Let c(i) = h*i - 11*i - 5*i - 9*i - i**2. Calculate c(-4).
4
Let z(h) = -35*h**2 + 4*h + 18. Let b(d) = -76*d**2 + 8*d + 40. Let v(m) = -6*b(m) + 13*z(m). Give v(1).
-1
Let i = -47 - -79. Suppose 3*m = -m + i. Let r(x) = -2 + 4 - m - 1 + 4*x. Determine r(5).
13
Suppose 4*b + 3*d + 0*d + 40 = 0, -5*b - 2*d - 50 = 0. Suppose -24*o = 46 - 118. Let s be 3/(b/(-5) - o). Let u(l) = -l - 1. Calculate u(s).
2
Let g(c) be the first derivative of -c**2 + c - 1. Let b = 200 - 192. Let l be (-62)/22 - (-8)/(-352)*b. Determine g(l).
7
Suppose 0 = 2*n + 4*c + 24, -4*c - 17 - 1 = -n. Let y(g) = 12*g**2 + 7*g**2 - 4 + 8*g**2 - 26*g**2 + 5. Calculate y(n).
5
Let t(a) = -4*a**2 + 14*a + 13. Let n(p) = p**2 - 2*p - 12. Let c(r) = 2*n(r) + t(r). Determine c(2).
1
Let j(f) = 35*f**2 - 3*f - 4. Let r(p) = 57 - p**2 - p + 2*p**2 - 28 - 30. Let v(y) = -j(y) + 3*r(y). Give v(1).
-31
Let n(w) be the third derivative of 1/60*w**5 + 0*w + 1/6*w**4 - 184*w**2 + 0*w**3 + 0. Give n(-6).
12
Let w(g) = -5*g - 1. Let z(h) = 10*h + 3. Let d(c) = -8*w(c) - 3*z(c). Suppose 3*m = 4 + 2. Let p = m + -1. Calculate d(p).
9
Let n(x) = -x + 12. Suppose -28*l = -8*l + 40. Let d(w) = -1. Let q(j) = l*d(j) - n(j). Determine q(9).
-1
Let j(i) = -i**3 + 6*i**2 + 8*i - 6. Let x(f) = -f. Let h(q) = 2*q. Let y(m) = -6*h(m) - 13*x(m). Let t(p) = j(p) + 3*y(p). Give t(7).
22
Let g(p) = -31*p + 2. Suppose -30587*l = -30566*l - 21. What is g(l)?
-29
Let y be 11 + 11 + -21 + -1. Let b(v) = -4*v**2 + v - 63. Determine b(y).
-63
Let l(t) = t - 1. Let b(x) = 5*x - 9. Let y(g) = b(g) - 4*l(g). Let v be 5/(-6) + (-230)/(-60). What is y(v)?
-2
Suppose 361*t - 364*t - v = -7, 5*t + 4*v = 21. Let l(r) = -30*r + 11. Give l(t).
-19
Let r be 45/(-30) - 39/(-18)*-3. Let d(t) = 4*t + 18. Give d(r).
-14
Let z(q) = 12*q + 51. Let g be z(-5). Let r(d) = d**3 + 9*d**2 - 2. Give r(g).
-2
Let w(o) = -o**2 + 5*o + 6. Let v(x) = -2*x - 28 + 50 - 23. Let l(b) = -b - 1. Let m(t) = -3*l(t) + 2*v(t). Let r(c) = -3*m(c) + w(c). What is r(9)?
-6
Let k = -258 + 265. Let r(y) = -y**2 + 3*y + 2. Determine r(k).
-26
Suppose j - 3*j = 0. Let w(n) be the first derivative of -n**2/2 - 5*n - 2597. Give w(j).
-5
Let b be 0 + -6 + (-6)/(-3). Let n(h) = -h**2 - 2. Suppose 50*y - 34 = 16*y. Let d(j) = -3*j**2 + j - 6. Let m(o) = y*d(o) - 4*n(o). Give m(b).
14
Suppose 12*g + 3 = 11*g. Let j be ((-12)/2)/(g/8). Let l(f) = j - f - 3 - 11 + f**2. What is l(0)?
2
Suppose -19*b = 133*b + 55*b - 1242. Let w(s) = -160*s + 956. Calculate w(b).
-4
Let c(a) = -a**3 + 8*a**2 - 9. Suppose 3*v = f - 2*v - 33, 2*v = -10. Let s be c(f). Let k(u) = u**3 + 10*u**2 + 9*u - 4. Determine k(s).
-4
Let c(t) = 16*t - 13. Suppose 0 = -10*h + 47 + 33. Let u(n) = 43*n - 40. Let r(z) = h*c(z) - 3*u(z). Give r(0).
16
Let h(f) = -f**3 - 9*f**2 - 3*f - 19. Suppose 960 - 150 = -90*j. Determine h(j).
8
Let d(n) = n**2 + 76*n - 412. Suppose -129*s + 23*s + 530 = 0. What is d(s)?
-7
Let a(g) = -g + 6. Let z(d) = d**3 - 23*d**2 + 24*d - 29. Let p be z(22). Suppose 0 = m - 4*v - 6 - 6, 3*v = -p. Calculate a(m).
14
Let f be 0 + 7/(7/8). Suppose l + f = 10. Let x(y) = 2*y**2 + y + y**l - 8*y**2 - 1 + 4*y**2. Give x(1).
-1
Let p(o) be the 